{"id":3268,"date":"2014-12-21T18:06:43","date_gmt":"2014-12-21T17:06:43","guid":{"rendered":"http:\/\/zoutula.com\/themes\/kiddie\/?page_id=2"},"modified":"2026-02-16T16:51:52","modified_gmt":"2026-02-16T15:51:52","slug":"nyilt-napok","status":"publish","type":"page","link":"https:\/\/szolofurtovoda.reformatus.hu\/?page_id=3268","title":{"rendered":"Ny\u00edlt napok"},"content":{"rendered":"<div class=\"vce-row-container\" data-vce-boxed-width=\"true\"><div class=\"vce-row vce-row--col-gap-30 vce-row-equal-height vce-row-content--top\" id=\"el-5d23468c\" data-vce-do-apply=\"all el-5d23468c\"><div class=\"vce-row-content\" data-vce-element-content=\"true\"><div class=\"vce-col vce-col--md-auto vce-col--xs-1 vce-col--xs-last vce-col--xs-first vce-col--sm-last vce-col--sm-first vce-col--md-last vce-col--lg-last vce-col--xl-last vce-col--md-first vce-col--lg-first vce-col--xl-first\" id=\"el-53f5a787\"><div class=\"vce-col-inner\" data-vce-do-apply=\"border margin background  el-53f5a787\"><div class=\"vce-col-content\" data-vce-element-content=\"true\" data-vce-do-apply=\"padding el-53f5a787\"><div class=\"vce-single-image-container vce-single-image--align-left\"><div class=\"vce vce-single-image-wrapper\" id=\"el-db081f51\" data-vce-do-apply=\"all el-db081f51\"><figure><div class=\"vce-single-image-figure-inner\" style=\"width: 723px;\"><div class=\"vce-single-image-inner vce-single-image--absolute\" style=\"width: 100%; padding-bottom: 141.632%;\"><img loading=\"lazy\" decoding=\"async\" class=\"vce-single-image\"  width=\"723\" height=\"1024\" srcset=\"https:\/\/szolofurtovoda.reformatus.hu\/wp-content\/uploads\/2026\/02\/OVODAHIVOGATO-320x453.png 320w, https:\/\/szolofurtovoda.reformatus.hu\/wp-content\/uploads\/2026\/02\/OVODAHIVOGATO-480x679.png 480w, https:\/\/szolofurtovoda.reformatus.hu\/wp-content\/uploads\/2026\/02\/OVODAHIVOGATO-800x800.png 800w, https:\/\/szolofurtovoda.reformatus.hu\/wp-content\/uploads\/2026\/02\/OVODAHIVOGATO-723x1024.png 723w\" src=\"https:\/\/szolofurtovoda.reformatus.hu\/wp-content\/uploads\/2026\/02\/OVODAHIVOGATO-723x1024.png\" data-img-src=\"https:\/\/szolofurtovoda.reformatus.hu\/wp-content\/uploads\/2026\/02\/OVODAHIVOGATO.png\" data-attachment-id=\"6534\"  alt=\"\" title=\"\u00d3VODAH\u00cdVOGAT\u00d3\" \/><\/div><\/div><figcaption hidden=\"\"><\/figcaption><\/figure><\/div><\/div><\/div><\/div><\/div><\/div><\/div><\/div>\n","protected":false},"excerpt":{"rendered":"","protected":false},"author":1,"featured_media":0,"parent":0,"menu_order":0,"comment_status":"closed","ping_status":"closed","template":"","meta":{"ngg_post_thumbnail":0,"_mc_calendar":[],"footnotes":""},"class_list":["post-3268","page","type-page","status-publish","hentry"],"_links":{"self":[{"href":"https:\/\/szolofurtovoda.reformatus.hu\/index.php?rest_route=\/wp\/v2\/pages\/3268","targetHints":{"allow":["GET"]}}],"collection":[{"href":"https:\/\/szolofurtovoda.reformatus.hu\/index.php?rest_route=\/wp\/v2\/pages"}],"about":[{"href":"https:\/\/szolofurtovoda.reformatus.hu\/index.php?rest_route=\/wp\/v2\/types\/page"}],"author":[{"embeddable":true,"href":"https:\/\/szolofurtovoda.reformatus.hu\/index.php?rest_route=\/wp\/v2\/users\/1"}],"replies":[{"embeddable":true,"href":"https:\/\/szolofurtovoda.reformatus.hu\/index.php?rest_route=%2Fwp%2Fv2%2Fcomments&post=3268"}],"version-history":[{"count":19,"href":"https:\/\/szolofurtovoda.reformatus.hu\/index.php?rest_route=\/wp\/v2\/pages\/3268\/revisions"}],"predecessor-version":[{"id":6535,"href":"https:\/\/szolofurtovoda.reformatus.hu\/index.php?rest_route=\/wp\/v2\/pages\/3268\/revisions\/6535"}],"wp:attachment":[{"href":"https:\/\/szolofurtovoda.reformatus.hu\/index.php?rest_route=%2Fwp%2Fv2%2Fmedia&parent=3268"}],"curies":[{"name":"wp","href":"https:\/\/api.w.org\/{rel}","templated":true}]}}